iple of 26?
False
Suppose -4*f + t - 88 = -0*f, -22 = f - 3*t. Let d = f + -8. Let o = d - -45. Does 9 divide o?
False
Suppose 14*l = 20*l - 702. Let r = 128 - l. Is 9 a factor of r?
False
Let a = 271 - 191. Suppose -a = -2*u + u. Does 16 divide u?
True
Suppose -3*h - 445 = 4*q, 2 = 2*h - 0. Let k be (-35)/(-8) - (-42)/q. Suppose -3*b = k*m - 158 - 142, -b = 4. Is 13 a factor of m?
True
Suppose 2*u - 3*g - 136 = -4*g, 2 = g. Let d be u/7 + (-6)/(-14). Let k = d + -3. Does 2 divide k?
False
Suppose 44*d = 43*d + 561. Is 33 a factor of d?
True
Let x = -44 + 48. Is 1/x - 2058/(-24) a multiple of 13?
False
Let k = -15 + 35. Is 3 a factor of 85*(4 + (-68)/k)?
True
Suppose 3*a + 2*z + z = 0, -2*z - 4 = -2*a. Let r(n) = 53*n**3 - n**2 + 3*n - 1. Does 27 divide r(a)?
True
Let v be 0*(3 - (1 - -1)). Suppose -2*n + 5*g + 31 = v, 0 = n + g - 2 + 4. Suppose -3*d + 29 = 2*u, 4*d = n*u - 0*d - 86. Is 11 a factor of u?
True
Let a = 108 - -576. Is 57 a factor of a?
True
Suppose -4*r = -6*r + 36. Is r a multiple of 5?
False
Let k = -21 - -31. Suppose 0 = k*q - 12*q + 120. Is q a multiple of 9?
False
Let w(z) = z - 12. Let u be w(12). Suppose u - 15 = -5*y. Suppose 2*t + 4*c + 0*c = 58, -t + y*c + 39 = 0. Is 14 a factor of t?
False
Let w be 37/(-4 + 3)*-1. Let x = w - 27. Is 3 a factor of x?
False
Let p = -1216 - -1556. Does 20 divide p?
True
Let g(n) = n**2 - 4*n + 5. Let t be g(4). Let x(k) = -k**3 + 6*k**2 - k - 11. Is x(t) a multiple of 2?
False
Suppose 2*c = -2, -2*n + c - 3*c + 20 = 0. Suppose -n*b + 98 = 3*b. Is b a multiple of 5?
False
Let l be (-16)/3*9/(-2). Suppose 0 = 3*f + 23 + 4. Let h = l + f. Is h a multiple of 7?
False
Let x(c) = c**2 + c. Let d(g) = -38*g**2 - g - 3. Let f(l) = d(l) - 4*x(l). Let b(a) = 21*a**2 + 2*a + 1. Let j(k) = 5*b(k) + 2*f(k). Is 10 a factor of j(-1)?
True
Let i be (-3)/(-7) + (-192)/(-42). Suppose -3*j = -i*j + 164. Let s = -18 + j. Is 11 a factor of s?
False
Let q(l) = 3*l - 13. Let y(g) = 3*g - 12. Let c(t) = -6*q(t) + 7*y(t). Let a be c(3). Suppose a*n = 4*n - 8. Is n a multiple of 8?
True
Let w(z) = -3*z**3 + 19*z**2 + 16. Let d(g) = 6*g**2 - g**3 - 50*g + 50*g + 5. Let c(f) = 7*d(f) - 2*w(f). Is 6 a factor of c(3)?
True
Let m(p) = 50*p - 106. Let z be m(2). Let c(v) = -v + 17 + 3 - 7. Is 4 a factor of c(z)?
False
Suppose 4*j + 23 + 13 = 0. Let u(x) be the second derivative of -x**3/3 - x**2/2 + 4*x. Is u(j) a multiple of 17?
True
Let t be 6*4/3 + 2. Suppose -11*x + t*x = -340. Suppose 3*h = 8*h - x. Does 14 divide h?
False
Does 5 divide (15/(-10))/((-12)/1640)?
True
Suppose -u = 3*y - 444, -2*u + 2*y + 424 = -u. Suppose 15*q = 19*q - u. Is 16 a factor of q?
False
Let l(i) = 52*i - i**2 - 21*i - 30*i + 35. Suppose -z - 2*z = 0. Is 15 a factor of l(z)?
False
Let r = -143 + 563. Is r a multiple of 15?
True
Suppose -1215 = -27*x - 0*x. Is x a multiple of 2?
False
Let y(d) = 3*d - 9. Let u be y(4). Suppose -u*x = 48 - 138. Is 10 a factor of x?
True
Let c = -851 + 1943. Is c a multiple of 52?
True
Let v(p) = p**3 + 21. Is 28 a factor of v(7)?
True
Suppose 5*x + 5*c + 30 = 0, -2*x + 2*c = -x - 3. Suppose 5*m + 3*k - 11 - 21 = 0, -m + 5*k + 12 = 0. Let t = x + m. Is 4 a factor of t?
True
Let p(l) be the third derivative of l**5/60 - l**4/8 + 7*l**3/3 + 3*l**2. Does 8 divide p(-8)?
False
Let f(l) be the first derivative of -l**3/3 + 11*l**2/2 + 14*l - 15. Is f(10) a multiple of 8?
True
Let v(h) = 3*h**2 - 5*h + 4. Let k(z) = -5*z**2 + 11*z - 9. Let p(m) = 3*k(m) + 7*v(m). Let n be p(1). Let l(w) = w**2 - 5. Is 5 a factor of l(n)?
True
Let m = -54 - -64. Does 15 divide (2 - -268)*(-4 + 45/m)?
True
Let y be -1*0/((-3)/((-6)/4)). Suppose 7*x + y*x = 329. Is x a multiple of 2?
False
Let i(x) = x**3 - x**2 + x + 27. Let d be i(0). Suppose 3*n + d = 4*s, -2*s - n - 2 = -3. Is s a multiple of 3?
True
Suppose 0 = 46*g - 5383 - 27737. Is g a multiple of 13?
False
Let t(o) = -11*o - 48. Is 31 a factor of t(-22)?
False
Let t = -1 - -5. Suppose -4*g = 0, t*n + 3*g - 6*g = 0. Is 14 a factor of (-65)/(-2 - n - -1)?
False
Suppose -u + 5*g - 10 + 5 = 0, 2*u + 37 = g. Let n = 67 + u. Does 23 divide n?
False
Let f(p) = p**3 - 20*p**2 + 2*p + 20. Let r be -4 + 7/(21/72). Is 12 a factor of f(r)?
True
Let z(x) = x - 1. Let r be z(-3). Let a(l) be the third derivative of l**5/20 + l**4/12 + l**3/3 + 26*l**2 + 2. Is a(r) a multiple of 12?
False
Suppose -s = -4*s. Suppose s = -0*w - 4*w. Suppose w*l = n + 5*l - 52, l = -n + 68. Does 24 divide n?
True
Let o(i) be the first derivative of i**4/4 + 10*i**3/3 - 7*i**2 + 8*i - 17. Is o(-11) a multiple of 22?
False
Suppose 0 = -9*j + 1423 + 467. Is j even?
True
Let d(u) = 2*u**2 - 45*u + 50. Is d(23) a multiple of 73?
True
Let c = 35 + -33. Suppose c*r - 20 = -h, -5*h - 3*r - 19 = -84. Does 3 divide h?
False
Suppose 0 = 3*u - 9, -751 = -3*a + u + 191. Is 34 a factor of a?
False
Suppose 6*b - 37 = 2*b + 5*q, 4*b + q - 7 = 0. Suppose 5*i = -5*u + i + 499, -301 = -b*u - 4*i. Is 33 a factor of u?
True
Suppose 4*l = -b + 270, l - 2*b = -2*l + 197. Suppose -l = -3*t + 134. Is t a multiple of 25?
False
Let a(q) = q**2 - 11*q + 27. Let t be a(11). Suppose d + t = 77. Is 5 a factor of d?
True
Let y(q) = q**2 - 1. Let r(v) = -11*v**2 + v**3 - 10*v - 5*v**2 + 2 + 1. Let n(i) = r(i) + 6*y(i). Is n(11) a multiple of 8?
True
Let r = -246 - -901. Is r a multiple of 24?
False
Does 33 divide (-6)/7*(-101906)/87?
False
Suppose 335 + 91 = 3*i. Suppose i = 4*o - 0*k - k, 4*o - 4*k = 136. Does 9 divide o?
True
Suppose 0 = c - 3*a + 6 + 9, 4*a = 2*c + 22. Let q be c - 1 - -2 - -3. Suppose 5*y = 24 + q. Does 4 divide y?
False
Suppose -5*s - c = -2*c - 1991, 0 = 5*s - 5*c - 1995. Is s a multiple of 14?
False
Suppose -127 = -5*u + 3*n, -4 - 1 = -5*n. Is u a multiple of 4?
False
Suppose a - 4*a = -2*j - 747, 3*a - 747 = -j. Let y = a + -177. Is y a multiple of 24?
True
Let y be (-3)/(4 - (-474)/(-118)). Is 10 a factor of ((y - 1)/4)/1?
False
Let v(t) be the second derivative of 7*t**3/6 + 7*t**2 + 3*t. Is v(7) a multiple of 21?
True
Let o(k) = 10*k + 1. Suppose 7*j + 9*j = 128. Does 9 divide o(j)?
True
Is 7 a factor of 16897/5 + 384/240?
True
Let q(r) = -r. Let u(x) = 1 + 1 + 1 + 3*x. Let i(p) = 4*q(p) - u(p). Does 20 divide i(-7)?
False
Suppose 5*q = -0*n - 2*n + 119, 4*n + 4*q - 208 = 0. Suppose -49*t + n*t + 308 = 0. Does 29 divide t?
False
Let c(z) be the second derivative of 4*z**3/3 - 19*z**2/2 + 7*z. Is 11 a factor of c(10)?
False
Suppose -28 = -c + 4*u - 7, 2*c - 4*u - 26 = 0. Suppose c*i - 3*n = 105 + 109, 166 = 4*i - 5*n. Is 22 a factor of i?
True
Is (-119)/(-2) + (-3)/24*-4 a multiple of 4?
True
Let b(x) = 2*x**2 + 4*x + 24. Is b(0) a multiple of 3?
True
Let b = 43 + -48. Is 7 a factor of ((-252)/30)/(1/(b/2))?
True
Let q be (4 - 2/4)*2. Suppose -q*u - 30 = -12*u. Suppose 0 = -l - 0*l + u. Is 6 a factor of l?
True
Let k = -153 - -160. Suppose 285 = k*b + 12*b. Is 5 a factor of b?
True
Let a = 60 + -84. Let f be (12/9)/(a/(-54)). Suppose -f*u + u = -64. Is 32 a factor of u?
True
Suppose 3 = 3*i, -4*u - 3*i - 2*i + 1657 = 0. Is u a multiple of 13?
False
Let m(v) = v**3 - 41*v**2 + 79*v - 73. Let r be m(39). Suppose -4*b - b = -3*i - 39, b + 5*i + 9 = 0. Is (-9)/b*r/3 a multiple of 5?
False
Suppose 0 = -4*q + 4*k + 28, 5*q - 3*k = -3 + 32. Suppose 4*p = q*o - 132, -4*o + 131 = -p + 2. Is o a multiple of 8?
True
Let q(z) be the third derivative of z**6/120 + z**5/5 - z**4/24 - 3*z**3/2 - 13*z**2. Does 3 divide q(-12)?
True
Let o(x) = 2*x**2 - 11*x - 34. Suppose 8*l - 10 = 7*l. Does 32 divide o(l)?
False
Let s = 543 + -237. Is s a multiple of 17?
True
Suppose 14*m = 3*m + 2992. Is 20 a factor of m?
False
Let y(k) = -12*k - 6. Let w be -4 + 1 + 272/16. Let g = 8 - w. Is 25 a factor of y(g)?
False
Suppose 5*v - 14 = 1. Suppose -v*p = -2*p - 213. Suppose -k + 4*k = p. Does 23 divide k?
False
Is 3 a factor of ((-3)/(-8))/(46/10672)?
True
Let w be (-16)/4*2/4. Let n(s) = -5 + 8 + s + 4*s**2 + s. Is 15 a factor of n(w)?
True
Let a = -275 - -75. Let s be a/24 - 2/(-6). Does 3 divide s/(-12)*(10 - 1)?
True
Does 31 divide 26*((-930)/4)/(-15)?
True
Let i(x) = 58*x + 5. Let r be (-14)/(-10) - 44/110. Is 9 a factor of i(r)?
True
Let u(z) = -1 + 136*z**2 + 17*z**2 + 110*z**2 + z - 74*z**2. Does 41 divide u(-1)?
False
Is 528/32*((-9